 b?
3
Let n(i) = -i**3 + 45*i**2 - 503*i + 19. Calculate the remainder when (2 - 2)/2 - -249 is divided by n(22).
79
Let x be (2080/(-280))/(152/77 - 2). Let b = 327 - x. What is the remainder when 48 is divided by b?
7
Suppose 2*y + 15 - 47 = 0. Let n = 18 - y. Suppose n*i = -2*i + 40. Calculate the remainder when i is divided by 3.
1
Let i be ((-4)/14)/((-15)/105). Let d(g) = -12 + 2*g**i - 12*g + 4*g + 0*g**2. What is the remainder when 57 is divided by d(7)?
27
Suppose 0 + 63 = 7*r. Let f be ((-6)/r)/(24/(-1188)). Suppose 6*h + f = 7*h. What is the remainder when h is divided by 9?
6
Let x = -300 + -620. What is the remainder when 64 is divided by (3/6)/((-23)/x)?
4
Let q = 3 - 0. Suppose -4*t + 0*w - 3*w + 58 = 0, 40 = q*t + 4*w. Suppose 1409 = -13*v + 1961 + 462. Calculate the remainder when v is divided by t.
14
Let y be (-2)/8 + (-8879)/52. Suppose 2*n - n = 26. Calculate the remainder when n is divided by (y/(-38))/((-1)/(-2)).
8
Let v(c) = 7*c**3 + 2*c**2 - 3*c - 8. Suppose -3*w + 2 + 7 = y, -2*w - 4*y = -6. Calculate the remainder when v(w) is divided by 12.
10
Let n(c) = c**3 - 78*c**2 + 73*c + 342. Let g(o) = 65*o. Suppose -4*v - 4*j = -20, -v + j - 3*j + 9 = 0. Calculate the remainder when g(v) is divided by n(77).
31
Suppose -84*h = -83*h - j - 96, -5*h + 472 = 3*j. What is the remainder when 458 is divided by h?
78
Let h = 16825 + 6362. Calculate the remainder when h is divided by 15.
12
Let h = 54 + -54. Suppose h = -5*r - 6 + 1. What is the remainder when ((-1062)/54)/(r/3) - -2 is divided by 7?
5
Let g = 8 - 2. Let h be (54/(-8))/((-2 - -5)/(-12)). Suppose -h*m + 442 = -14*m. Calculate the remainder when m is divided by g.
4
Suppose d = -2, 2*a - 7*a + 4*d = -8. Let j = 17 + -15. Suppose 10*k - 5*k - j*z - 71 = a, 0 = 5*k - 5*z - 80. Calculate the remainder when k is divided by 5.
3
Suppose 0 = -7*d + 12*d - 930. Let h = -107 + d. Let s = h - 1. Calculate the remainder when s is divided by 20.
18
Suppose -l + 2 = -w, -l + 5 = -4*w + 3. Suppose -3*h + 845 = -5*o, -5*h = -3*o - w*h - 523. What is the remainder when (3/6)/((-1)/o) is divided by 29?
25
Suppose 16*z = 2*u + 15*z - 15, -3*z + 15 = 4*u. Suppose 903 = -8*m + 1143. What is the remainder when m is divided by u?
0
Let o = 3306 - 3249. Calculate the remainder when 126 is divided by o.
12
Let b(m) = -202*m - 3866. What is the remainder when b(-36) is divided by 110?
106
Let g(p) be the second derivative of 1/6*p**3 - 21*p + 0 + 61/12*p**4 + 1/2*p**2. Calculate the remainder when g(-1) is divided by 16.
13
Let n(f) = -f**3 - 8*f**2 - 2*f + 5. Let a be n(-7). What is the remainder when 24/a*(2 + (-198)/4) is divided by 7?
3
Let q = 158 - 116. Suppose p = 3*x - 9 + q, 4*x + 8 = 0. What is the remainder when 133 is divided by p?
25
Suppose 0 = y + 8*y + 2556. What is the remainder when 141 is divided by (-1)/(y/(-72) - 4)?
15
Let s(w) = w**3 - 6*w**2 - 5*w - 6. Let d be s(7). Suppose 93 + 3 = d*g. Calculate the remainder when 131 is divided by g.
11
Let c(i) be the second derivative of -i**5/20 + i**4/2 - i**3 - 3*i**2/2 - 4*i. Let p be c(5). Calculate the remainder when (-7)/(-5)*(-3 - p) is divided by 4.
3
Let u(k) = 99*k - 260. Let v be u(22). Suppose -17*h - 2*l = -21*h + v, -h = -2*l - 478. Calculate the remainder when h is divided by 21.
18
Let h(a) = -a**2 + 14*a + 16. Let q be h(14). Suppose -4*y + 109 = 5*d, 2*d = y - 8 - q. Calculate the remainder when y is divided by 12.
2
Suppose 357 = 3*n - 21. Let y = -354 + 436. What is the remainder when y is divided by (2/(-6))/((-3)/n)?
12
Suppose -3*i = 2*i + 10, 2*i - 98 = -3*b. Suppose x + 8 = 2*l, -4277*x - 11 = -5*l - 4279*x. What is the remainder when b is divided by l?
1
Let c be (-170)/(-40) + (-36)/16 + 2. Suppose 5*o - 331 = p + 2*p, c*o = -3*p + 281. What is the remainder when 202 is divided by o?
66
Let c = -96 + 115. Suppose -c*w + 18*w + 65 = 0. Let r = w + -62. What is the remainder when 14 is divided by r?
2
Let r be 46*((-22)/(-4) + -5). Suppose -b - 80 = -n, 3*n - 179 = 2*b - r. Let f = b + 101. Calculate the remainder when 33 is divided by f.
16
Suppose -80*g = -52*g - 140. What is the remainder when 1128 is divided by g?
3
Let z = -41160 + 41571. What is the remainder when 2434 is divided by z?
379
Calculate the remainder when (7 - 266/49)*(-19 + 7698) is divided by 85.
82
Let t(i) = 514*i - 1. Let d be t(2). Suppose -9*y + d = 190. What is the remainder when y is divided by 20?
13
Suppose 4*t = 0, j + 5*t + 0 = 2. Calculate the remainder when 21 - -2 - (3 - j) is divided by 1 + -9 + 1 + 7 - -8.
6
Suppose -4*q - a + 157 = 0, 0 = -3*q + 4*a + 72 + 41. Calculate the remainder when 121 + (-16)/4 + -1*(1 + 1) is divided by q.
37
Suppose 3*t - 36 = -9*t. Suppose t*o + b - 5 = -b, 2*b = 3*o - 25. Suppose 8*i = o*i + 93. What is the remainder when i is divided by 16?
15
Let o = 464 + -461. Suppose -q - 2*x + o*x = -140, -x + 3 = 0. What is the remainder when q is divided by 31?
19
Let d = -62 - -148. Let l = 58325 - 58073. Calculate the remainder when l is divided by d.
80
Let r = 8410 - 7624. Calculate the remainder when r is divided by 97.
10
Let g(u) = -u**2 - 7*u - 8. Let k be g(-4). Suppose -2*o + 50 = 4*w, -12 + 4 = -w + k*o. Calculate the remainder when 8 is divided by ((-8)/w - -1)*9.
2
Suppose 0 = 2*y + 12, -2*z + 0*y + 42 = 2*y. What is the remainder when 1075 is divided by z?
22
Let p = -1380 - -2024. Suppose 31*d = 29*d + p. Calculate the remainder when d is divided by 12.
10
Calculate the remainder when 177 - ((-10)/(-8) + (-7)/28) is divided by 39.
20
Suppose 264*l + 111*l = 334125. What is the remainder when l is divided by 7?
2
Suppose 4*j - 5*p = 545, -625*p + 624*p - 634 = -5*j. Suppose 192 = -0*b + 3*b. What is the remainder when j is divided by b?
61
Let d = -6424 - -6504. Calculate the remainder when 181 is divided by d.
21
Let i(h) = h**3 - 19*h**2 - 20*h + 36. Let p be i(20). Let u = 7 - -51. Suppose n = u - p. Calculate the remainder when n is divided by 5.
2
Suppose -p - 66 = -2*p. Let k(f) = -f**2 + 41*f + 875. Calculate the remainder when p is divided by k(-15).
31
Let a be (-7)/28 + (-45)/(-4) + -4. Suppose a*v - 118 = 6*v + l, 3*l = -4*v + 486. Let s = -83 + v. What is the remainder when 140 is divided by s?
29
Suppose r = 21*h - 20*h - 460, 0 = 5*r. Calculate the remainder when h is divided by 21.
19
Suppose 8*u - 635 = 3*u. Let r = u - 34. Suppose -5*i + r = 23. What is the remainder when 41 is divided by i?
13
Suppose r + 4*m + 6 + 10 = 0, 0 = 2*r + 2*m + 2. Suppose 30 = 2*c + 5*o - 32, -2*c - 3*o + 66 = 0. What is the remainder when c is divided by 80/(r + 0) + -1?
17
Let r be 10/12 - 1 - 2379/(-1098). What is the remainder when 13 is divided by (15 + 77/(-5))/(r/(-40))?
5
Suppose -4*b + c + 148 = 0, -5*c + c + 128 = 4*b. Suppose b = 2*g + 16. What is the remainder when 49 is divided by g?
9
Let z = 17334 - 17270. Calculate the remainder when 3257 is divided by z.
57
Suppose -2*z - 45 = -211. Let n = z + -41. Let m = n - 32. Calculate the remainder when 15 is divided by m.
5
Suppose 0 = -2*y - 3*f - 22, 3*y + 0*f = 4*f + 1. Let p be (2 + -14)*(44/(-8) - y). Suppose 33 = n - p. Calculate the remainder when n is divided by 11.
6
Let q = -29 - -32. Suppose 74 = 2*b + q*a, -4*b = b - 5*a - 185. Let w = b + -25. What is the remainder when 34 is divided by w?
10
Suppose -4*h + 63 = 3. Let a be 4/22 + (-2808)/(-44). Let x = a + -35. What is the remainder when x is divided by h?
14
Suppose l - f = 14, 0 = -5*f - 2 + 17. Let x = 216 - 203. Suppose 3*n + 15 = 3*q, 20 = 18*n - x*n. Calculate the remainder when l is divided by q.
8
What is the remainder when 14 + (4*2/8)/1 is divided by 4/(-16)*2*0 - -3?
0
Let c be (3 + 0 - 5) + (0 - -1). Let z be 1/c + -50 + -1 - 2. Let g = 76 + z. What is the remainder when 107 is divided by g?
19
Let o = -39160 + 39387. What is the remainder when 381 is divided by o?
154
Let k(f) be the first derivative of f + 1/3*f**3 + f**2 - 1. Calculate the remainder when 78 is divided by k(-4).
6
Let c(q) = -q**2 + 70*q + 7954. What is the remainder when 280 is divided by c(-60)?
126
Let o(u) = 13*u - 314. Suppose -j = j - 52. Calculate the remainder when (117/(-4))/((-1)/4) is divided by o(j).
21
Let w = 8892 - 8843. What is the remainder when w is divided by 